te 1 + 0 - (-5 + (2 - -3)).
1
Calculate (3 - (0 + 1)) + -6.
-4
Evaluate 4 - -5 - (-4 + 11).
2
-4 + -10 + 8 - -8
2
Calculate 11 - (16 + -11) - (-1 + 3).
4
Calculate (4 + -6 - -3 - -3) + 1.
5
What is 4 - (-3 - (-18 - -8))?
-3
0 + (13 - 8) + 1
6
What is the value of 3 + -13 + 3 - -9?
2
What is the value of (1 - -5 - 6 - 5) + 5?
0
Calculate -6 - -17 - 25 - (1 - 5).
-10
3 + (3 - (8 - 1)) + -4
-5
Calculate 14 - 18 - ((4 - 8) + -4).
4
2 - (0 + -2) - (20 + -22)
6
What is 3 - 6 - (3 - (0 + 1))?
-5
Evaluate 9 + 1 + -6 + -11.
-7
Calculate (-12 - 0) + 5 - -7.
0
What is 6 + (2 - -1 - 6) - 7?
-4
1 - (1 - 5 - 0)
5
Evaluate -1 + (3 - -1 - 1) - 1.
1
What is -6 + (-5 - -2 - -3)?
-6
Evaluate -3 - (-2 - -8) - -5.
-4
What is the value of (0 - -6) + -8 - (1 + -8)?
5
-12 - (-17 - -10) - 1
-6
0 + 0 - (41 + -36)
-5
4 - (-11 + 11) - (-1 - 1)
6
What is 8 + -21 + (4 - -2)?
-7
What is -1 - -8 - -1 - 6?
2
What is the value of 29 - 23 - (-3 - -4)?
5
What is the value of 3 + -2 - (-2 - -1)?
2
14 - 0 - (-23 - -37)
0
-2 - (-3 - (-1 + -3 - -8))
5
Evaluate (3 - (2 + 1)) + -3.
-3
What is -5 - (-4 - 0) - (-5 + 3)?
1
What is -2 - 4 - (2 - 6)?
-2
What is -1 + (6 - (5 - (6 - 14)))?
-8
What is -2 + -5 + 6 + 2 + 2?
3
Evaluate (0 - -2) + -9 + 6.
-1
Calculate 2 + -3 + -14 + -8 + 20.
-3
What is the value of (-4 - -8) + -3 - (0 - -2)?
-1
15 - 14 - (4 + -2)
-1
What is the value of 5 + -4 + 1 + 4 + -3?
3
What is the value of 1 + (-1 - 2) + (19 - 15)?
2
What is -4 - -2 - (9 - 9)?
-2
-1 + (6 - 2) - 7 - -7
3
Evaluate 0 + (-5 - (2 - (-7 + 16))).
2
(-4 - 1) + 3 - -1 - 4
-5
5 + -12 + 3 + (-6 - -4)
-6
What is -4 - -1 - (-1 - (-2 + 0))?
-4
What is (5 - 11) + 1 + 5?
0
What is (-10 - (-3 + -2) - 0) + 0?
-5
Calculate 2 + (4 - 6) + 4.
4
(-6 - (-12 - -12)) + (0 - 2)
-8
What is the value of 7 + -8 + -2 + -4?
-7
What is (-4 - ((-7 - -2) + 5)) + 9?
5
What is 7 + -11 - (-9 - 0)?
5
Calculate 23 - 20 - (0 + 1).
2
Evaluate 15 + -12 - (0 - -3).
0
Calculate -7 - (0 - (0 + 4)).
-3
What is the value of 7 + (-2 + 9 - 9)?
5
Calculate -7 - (-3 + (0 - (3 + -4))).
-5
What is 8 + (1 - 14) - 6?
-11
3 - (-13 + 10 + 7)
-1
-5 - ((-15 - -5) + 4) - 9
-8
What is 1 - 3 - (-7 + 3 + 4)?
-2
2 + 0 + 2 + -1
3
Calculate -1 - (-1 + (-4 - (-6 - -3))).
1
What is 129 - 126 - (1 + -1)?
3
What is the value of 7 + 4 + -7 - (2 - -3)?
-1
Calculate 3 + -2 + -3 - (-7 + 1).
4
What is the value of (-11 - (12 + -20)) + (0 - -1)?
-2
Calculate (8 + 5 - 7) + -1 + -4.
1
What is the value of 2 + ((-4 - 3) + 4 - -4)?
3
What is -9 - (-6 + 0 + -3)?
0
Calculate 5 + -5 + -1 + (1 - 1).
-1
Calculate -5 + -1 + 4 + 1.
-1
Calculate 8 + (2 - 10 - (-1 + -9)).
10
Calculate 1 + 1 + -3 + -4 + 0.
-5
Calculate -3 - -3 - (-5 - (-1 + -2)).
2
Calculate (2 - 2) + -6 + 1.
-5
Evaluate -13 + (1 - 0) + 6 + -3.
-9
What is -8 - (5 - 11) - (-1 - 4)?
3
Calculate (-4 + 3 - -1) + 2 + 2.
4
Calculate 2 + 2 + -7 - 0.
-3
Calculate 2 - (5 - (6 + -6) - -7).
-10
15 - -2 - (7 + 1)
9
What is 5 + (12 + -4 - 14)?
-1
-5 - -1 - (-29 + 28)
-3
-5 - (3 + 7 + -11)
-4
What is 3 + (-24 - -23) + 1 + 0?
3
What is (3 - -3 - 0) + (14 - 21)?
-1
Calculate 5 + -3 + -4 + (-7 - -14).
5
Evaluate (0 - -6) + -4 - 0.
2
What is the value of (-1 - 1) + (-6 - -4 - -7)?
3
2 + 6 + (25 - 10 - 23)
0
What is the value of (-2 - (3 + -3)) + -2?
-4
Calculate -1 + 2 + 2 + -5 + 0.
-2
What is -7 + 3 + 3 - (1 + 2)?
-4
What is 17 - 5 - (2 - 0 - -3)?
7
Evaluate -2 - (5 + 1 + -4) - -2.
-2
Calculate 5 + (5 - (5 + -2 - -2)).
5
Calculate -5 + (1 + 4 - -3).
3
Calculate 2 + -4 + -2 + 5.
1
What is (4 - 4 - 9) + 5 - -5?
1
What is 0 - (-28 + 25 - (-4 + 0))?
-1
Evaluate -6 - (-13 + (1 - -2)).
4
What is 1 + (0 - (11 + -5))?
-5
What is 15 - 5 - 6 - (1 - 0)?
3
What is -7 - (-23 - -10) - 12?
-6
-3 + (1 + -3 - (-8 - -1))
2
What is 5 + (-1 - 1) - (7 - 2)?
-2
-8 - -5 - (-5 - -6)
-4
Evaluate 3 - (0 - 0 - -4) - 1.
-2
Calculate -5 + (11 + -18 - -7).
-5
-20 + -14 + 33 + -2 + -1
-4
(1 - -3) + (3 - 2)
5
Evaluate 6 + (0 - (1 + 1)).
4
Calculate 0 + (0 - (-3 - -3)).
0
What is (-3 - -12 - 0) + (0 - 6)?
3
What is -121 - -122 - (2 + -1 - 1)?
1
10 - (-5 + 6 + 11)
-2
(3 - -2) + (3 - -2)
10
Evaluate (-8 - -3) + 5 - (-4 + 1).
3
Evaluate (-1 - -1) + (-51 - -53).
2
What is the value of 2 + 0 + 3 + -7?
-2
Calculate (1 - 0) + 8 + -4 - 5.
0
Evaluate (13 - (4 + 1)) + -13.
-5
What is -1 + -5 - (4 + -15 + 10)?
-5
What is the value of (411 - 414) + 0 + 5 + -1?
1
Calculate 1 + -1 + (10 - 0) + -5.
5
Calculate (-4 - (-16 - -5)) + (0 - 4).
3
What is the value of (1 - 3) + 3 + -22 + 14?
-7
-4 + 19 + -4 + (-15 - -11)
7
Calculate 6 + -9 - (1 + -1) - 2.
-5
Calculate -7 - -3 - (-1 - 5).
2
What is the value of 1 - (5 - 2) - 3?
-5
Evaluate (1 - 10) + 0 + 12.
3
Evaluate -8 + -1 + (1 - -7).
-1
What is the value of 3 - 1 - (11 + 1 + -6)?
-4
What is (3 - 1) + -3 + (-4 - -6)?
1
Calculate (-4 - -5 - -1) + 3 + -7.
-2
(-7 - (2 - 3)) + 1 - -1
-4
Evaluate (3 + -3 - -2) + -4.
-2
Calculate -6 - -2 - 0 - (-31 + 29).
-2
Calculate 2 + -2 - (0 + -12 + 17).
-5
What is the value of -5 - ((-5 - -4) + -6)?
2
Calculate (-320 - -331) + -9 + -1.
1
Evaluate (-16 - -2 - (-4 - 0)) + 0.
-10
What is the value of -1 - (-2 + 7 + -9)?
3
What is 0 + (3 + -10 + 3 - -4)?
0
What is the value of 6 - 4 - (0 + 1)?
1
What is the value of 4 + 0 + 11 + -25?
-10
Evaluate 1 + -1 + (3 - 1) + 2.
4
What is -8 + (7 - (-3 - (-3 - 3)))?
-4
What is the value of 24 + -19 + -16 + 3?
-8
Evaluate 5 + -2 + -1 + 5 + -4.
3
What is 0 - 3 - -2 - (-2 + 4)?
-3
Evaluate 3 - ((-12 - -12) + 0 + 2).
1
What is (-1 - -2) + (-1 - -4)?
4
What is -4 - ((-3 - (-4 - -1)) + -1)?
-3
Evaluate -2 + (3 - (1 + (-2 - -2))).
0
What is the value of -3 - (4 + -1 + -3) - -2?
-1
What is -1 - 4 - (-15 + -1 + 10)?
1
What is 5 + (-3 + 7 - 13)?
-4
Calculate -4 - (-7 + (-3 - -6) + 2).
-2
-23 - -19 - -10 - (-1 + 7)
0
What is the value of -45 + 42 + (9 + 0 - 2)?
4
Calculate (1 - -1) + -5 + (4 - 1).
0
Evaluate 5 + -2 + (3 - 8).
-2
Calculate 2 - 2 - 1 - -2.
1
Calculate -3 - (-8 + 4 - (-4 - -3)).
0
What is -6 + 29 - (2 + 12)?
9
What is the value of -8 + 3 + 9 + -7?
-3
Calculate -6 + 1 + 2 + 6.
3
What is 3 - 7 - ((-3 - 2) + 2)?
-1
What is -2 + -1 + (4 - -1) + -7?
-5
Evaluate 1 + (-1 - (5 + -9)) + 0.
4
-1 - -4 - (0 - -8)
-5
Calculate 4 - (0 + -6) - 6.
4
Calculate 1 - -5 - (-12 + (8 - -6)).
4
What is 4 + -10 + (7 - 1)?
0
What is the value of 0 - 1 - (1 - 3)?
1
Calculate 2 + (-1 - -2) + -4.
-1
Evaluate -4 + (2 - 1) - (-2 - -3).
-4
Calculate 13 - (-6 + 23) - (-3 + 1).
-2
-3 + -1 + (9 - 3) + -4
-2
What is 5 - (1 + 11 - (1 - -1))?
-5
What is -5 + -7 + -10 + 31?
9
0 - 0 - (-7 - -4 - -1)
2
What is the value of 0 - ((0 - 7) + 4)?
3
3 + (7 - 3) + -7
0
1 - (-9 + (-5 - -13))
2
5 - (3 - (-4 + 3 - -3))
4
What is the value of -3 + (8 - 5) - -2 - -1?
3
Evaluate -11 + 21 + -12 + -1 + 0.
-3
What is 2 - 6 - (-4 + 0 + -4)?
4
-2 + 7 - (-14 + 15)
4
What is 0 + 2 + 1 + -3 + -1?
-1
What is the value of (-2 - (-3 - (-3 - -6))) + -11?
-7
What is -4 - (-4 - (-7 - (-4 + 0)))?
-3
6 + 3 + -7 + -2 - 4
-4
What is (-6 + 28 - 12) + -9?
1
0 - (11 + -17 + (1 - 0))
5
What is the value of 1 + (2 + 17 - 7) + -5?
8
Calculate 0 - (2 + -2 - 4 - -1).
3
Evaluate -1 + 5 - (-9 + 15).
-2
Calculate 4 + (5 - 11) + -3.
-5
Calculate -15 - (-8 + -1 + 1).
-7
Calculate -6 - (-1 + -1) - (-1 + 0).
-3
(2 - -1) + 20 + -17 - 2
4
What is the value of -8 - (-11 + -3 + 7) - -2?
1
Calculate -4 - (0 + 8 + -5 + -2).
-5
What is the value of 8 + -3 + -2 + -4?
-1
Calculate 1 - (-1 - (4 + -5)).
1
(-4 + 17 - 8) + -6
-1
Calculate 26 + -21 - (2 - (-1 - -1)).
3
Calculate 18 - (11 - 7 - -12 - 8).
10
What is 4 + -3 - (1 - (-3 - -8))?
5
-230 - -230 - (-1 + 1 + 0)
0
What is 1 + 11 + -6 + -4?
2
Evaluate -1 - (-3 - (-5 + -3 + 5)).
-1
What is the value of -2 + 2 + (-3 - -8)?
5
What is (1 - 6) + -32 + 32 + -1?
-6
Evaluate (-3 - -6 - -1) + (-6 - -5).
3
-1 + -4 + -9 + 16
2
Evaluate (-7 - (10 - 22)) + -1.
4
8 + -13 + 3 + 5
3
Evaluate 16 + (-28 - -13) - (-1 + 13).
-11
3 - (7 + (2 + -1 - 4))
-1
What is 1 - -2 - (9 - 6)?
0
-3 + 9 + 4 + -16
-6
What is the value of -2 + -5 + 15 - 3?
5
What is the value of -5 + 3 - -4 - 1?
1
Calculate 2 + 1 + (0 + -3 - 4).
-4
What is -12 + 15 + 1 + 1 + -5?
0
What is the value of -1 + 0 + 0 - (-116 - -121)?
-6
Calculate -5 + 4 + 5 - (-1 - 0).
5
What is the value of (37 - 36) + 1 + 1?
3
What is the value of -25 + 10 + 8 + 3?
-4
